Is 83891 a prime number?
True
Is 165887 a prime number?
True
Is 7343 a prime number?
False
Is 503 prime?
True
Is 39791 a prime number?
True
Is 11182 a prime number?
False
Is 37253 a composite number?
False
Is 8859 prime?
False
Is 28585 a composite number?
True
Is 9111 composite?
True
Is 912143 composite?
True
Is 117797 composite?
False
Is 521549 prime?
False
Is 3505 a composite number?
True
Is 92297 a composite number?
False
Is 922391 composite?
False
Is 182141 a composite number?
False
Is 4791 prime?
False
Is 571349 a prime number?
False
Is 647 prime?
True
Is 148523 prime?
False
Is 32849 composite?
True
Is 234051 a prime number?
False
Is 476033 prime?
False
Is 567097 a composite number?
False
Is 358361 composite?
True
Is 20821 prime?
False
Is 92921 a composite number?
False
Is 41621 a prime number?
True
Is 4535 prime?
False
Is 459749 a composite number?
False
Is 164693 composite?
True
Is 467966 composite?
True
Is 21247 a prime number?
True
Is 1368727 prime?
True
Is 56731 composite?
False
Is 25433 a prime number?
False
Is 2953 a prime number?
True
Is 438755 a prime number?
False
Is 487 prime?
True
Is 751783 a composite number?
True
Is 281587 composite?
True
Is 146597 prime?
False
Is 4141 a composite number?
True
Is 17243 a composite number?
True
Is 60383 composite?
False
Is 439007 composite?
False
Is 323989 a composite number?
True
Is 805451 composite?
False
Is 56569 a composite number?
False
Is 88093 a composite number?
False
Is 35782 a prime number?
False
Is 56369 a prime number?
True
Is 74371 a composite number?
True
Is 300613 a composite number?
True
Is 610347 composite?
True
Is 13711 composite?
False
Is 249967 prime?
True
Is 1383 composite?
True
Is 3935 composite?
True
Is 33513 a prime number?
False
Is 16537 composite?
True
Is 18617 a composite number?
False
Is 518577 a composite number?
True
Is 5099 a composite number?
False
Is 444659 a prime number?
False
Is 15719 prime?
False
Is 16009 a prime number?
False
Is 315611 prime?
False
Is 135571 a prime number?
True
Is 89405 a composite number?
True
Is 3263 composite?
True
Is 9533 a prime number?
True
Is 237023 a prime number?
False
Is 17717 composite?
True
Is 9509 composite?
True
Is 747107 a prime number?
True
Is 90595 a composite number?
True
Is 8353 a prime number?
True
Is 47681 a composite number?
False
Is 353027 prime?
False
Is 52369 composite?
False
Is 1039 a prime number?
True
Is 10167 a composite number?
True
Is 201557 composite?
False
Is 15727 composite?
False
Is 392569 a composite number?
False
Is 1563 prime?
False
Is 55343 a composite number?
False
Is 1227 prime?
False
Is 4045 composite?
True
Is 105463 composite?
True
Is 340817 composite?
True
Is 24829 prime?
False
Is 5189 a composite number?
False
Is 51361 a composite number?
False
Is 8661 a prime number?
False
Is 16723 a composite number?
True
Is 11987 prime?
True
Is 5293 a composite number?
True
Is 392753 a prime number?
False
Is 70913 a prime number?
True
Is 40381 a composite number?
True
Is 4619 a prime number?
False
Is 5941 a composite number?
True
Is 2474 a prime number?
False
Is 64399 a prime number?
True
Is 368957 a composite number?
False
Is 5773 composite?
True
Is 5143 prime?
False
Is 8031 composite?
True
Is 141397 a composite number?
False
Is 90931 prime?
True
Is 21163 a prime number?
True
Is 1141 a composite number?
True
Is 2671 composite?
False
Is 384889 a prime number?
True
Is 79301 a prime number?
True
Is 574423 a prime number?
True
Is 719327 a prime number?
False
Is 111661 prime?
False
Is 13381 prime?
True
Is 70361 prime?
False
Is 797539 composite?
False
Is 29599 a prime number?
True
Is 11197 prime?
True
Is 379 composite?
False
Is 159603 a prime number?
False
Is 361433 prime?
True
Is 45233 a prime number?
True
Is 45659 prime?
True
Is 1619 prime?
True
Is 260297 a composite number?
True
Is 470143 prime?
False
Is 10213 a prime number?
False
Is 92915 composite?
True
Is 15427 a composite number?
False
Is 53349 a prime number?
False
Is 42049 a composite number?
True
Is 7717 prime?
True
Is 2579001 prime?
False
Is 153787 a prime number?
False
Is 122957 a prime number?
True
Is 219433 a composite number?
False
Is 14077 composite?
True
Is 123231 a composite number?
True
Is 2144609 composite?
False
Is 11027 a composite number?
False
Is 91763 a composite number?
True
Is 321359 a prime number?
True
Is 110711 composite?
False
Is 143363 a composite number?
True
Is 17519 composite?
False
Is 231389 a composite number?
True
Is 14757 prime?
False
Is 1159 a prime number?
False
Is 44467 composite?
True
Is 14029 a composite number?
False
Is 183647 prime?
False
Is 7265 composite?
True
Is 55855 a composite number?
True
Is 172801 prime?
True
Is 135371 composite?
True
Is 17747 prime?
True
Is 4583 a composite number?
False
Is 53443 prime?
False
Is 533 a composite number?
True
Is 3487 prime?
False
Is 1272041 a prime number?
False
Is 174527 a composite number?
False
Is 3052045 a composite number?
True
Is 20731 prime?
True
Is 292819 a prime number?
True
Is 226601 a composite number?
False
Is 831 a prime number?
False
Is 113 a composite number?
False
Is 4452599 prime?
True
Is 45703 a prime number?
False
Is 673 composite?
False
Is 443 prime?
True
Is 839 composite?
False
Is 5707 prime?
False
Is 169451 composite?
True
Is 7631 a prime number?
False
Is 2477 a prime number?
True
Is 48617 composite?
True
Is 58003 prime?
False
Is 122099 prime?
True
Is 300017 composite?
False
Is 5227 a composite number?
False
Is 107013 composite?
True
Is 643271 composite?
True
Is 47167 composite?
True
Is 7001 composite?
False
Is 15053 composite?
False
Is 46967 composite?
True
Is 2863 a prime number?
False
Is 16703 prime?
True
Is 31091 a prime number?
True
Is 558538 a prime number?
False
Is 31627 composite?
False
Is 10007 a prime number?
True
Is 1639927 a prime number?
True
Is 1725859 prime?
True
Is 173081 a prime number?
True
Is 79481 a prime number?
True
Is 418307 a composite number?
True
Is 12451 a composite number?
False
Is 5077 composite?
False
Is 1052719 composite?
False
Is 26239 a composite number?
True
Is 229937 a composite number?
False
Is 2811 a prime number?
False
Is 2929 a composite number?
True
Is 1907 a prime number?
True
Is 2291 prime?
False
Is 15227 prime?
True
Is 413053 prime?
True
Is 877 a composite number?
False
Is 29179 composite?
False
Is 1030153 a composite number?
False
Is 138053 composite?
False
Is 241915 prime?
False
Is 314213 composite?
False
Is 1218853 prime?
True
Is 1087 composite?
False
Is 16045 prime?
False
Is 392423 a composite number?
False
Is 3369347 composite?
False
Is 31973 prime?
True
Is 107171 composite?
False
Is 69547 a composite number?
True
Is 949447 prime?
False
Is 47761 a prime number?
False
Is 54133 prime?
True
Is 565937 composite?
False
Is 140783 a composite number?
True
Is 369839 a prime number?
False
Is 25439 a composite number?
False
Is 1129445 prime?
False
Is 28123 a composite number?
False
Is 23501 composite?
True
Is 175883 a prime number?
False
Is 230677 composite?
True
Is 1717 a prime number?
False
Is 1670465 a composite number?
True
Is 10313 a composite number?
False
Is 20633 a composite number?
True
Is 113591 composite?
False
Is 31439 prime?
False
Is 33311 prime?
True
Is 159667 a prime number?
True
Is 30869 composite?
False
Is 745 composite?
True
Is 33679 a prime number?
True
Is 3748387 composite?
False
Is 66359 composite?
False
Is 177109 a composite number?
False
Is 789 composite?
True
Is 58277 composite?
True
Is 135823 a prime number?
False
Is 1627573 composite?
False
Is 9197 composite?
True
Is 12979 a composite number?
False
Is 381 composite?
True
Is 8137 a composite number?
True
Is 4014391 a composite number?
False
Is 77461 prime?
False
Is 2037509 a composite number?
False
Is 151631 a composite number?
False
Is 10529 a prime number?
True
Is 1193 a prime number?
True
Is 193423 composite?
False
Is 10102 composite?
True
Is 23099 composite?
False
Is 817739 a composite number?
True
Is 32411 a prime number?
True
Is 18727 composite?
True
Is 17803 a composite number?
True
Is 918319 composite?
False
Is 818761 a composite number?
True
Is 853 a prime number?
True
Is 18089 composite?
False
Is 183863 a prime number?
False
Is 36443 prime?
False
Is 7043 prime?
True
Is 32257 prime?
True
Is 382 a prime number?
False
Is 18831 com